 be the third derivative of 25*s**4/12 - 13*s**3/6 + 2*s**2 + 31*s. Let l be (-2)/(0 + (-1)/8). Is k(l) composite?
False
Suppose -5*f = 4*b - 101, -b + 5*f = -0*b - 19. Suppose -49495 = 5*g - b*g. Is g a composite number?
True
Is (2*30677/(-4))/((-126)/252) a composite number?
False
Let x(n) = -2*n - 4. Let j be x(-4). Let p(b) be the third derivative of 121*b**4/24 + b**3/6 - 4*b**2 + 2*b. Is p(j) a prime number?
False
Let h = 419585 - 187806. Is h a composite number?
False
Let h(p) = -8*p**3 + 16*p**3 - 5*p**3 + 3*p**2 - 16*p + 5 - 11*p**3. Let u be h(-8). Suppose -u = -4*n + 3*x, 2*n - 2578 = 3*x - 363. Is n prime?
True
Let j(x) = -x**3 + 4*x**2 + 9*x - 3. Let h be j(-2). Suppose 3*k - 3*y - 42 = 0, 5*k + 6*y = y + 40. Suppose -h*c - 10024 = -k*c. Is c prime?
False
Let u = 2 + -3. Let w = -2018 - -2016. Is 6/(-4) - (u - (-591)/w) a composite number?
True
Suppose -5*z + 4322 = 65722. Let x = 18255 + z. Suppose -11*q = -6*q - x. Is q a composite number?
True
Suppose 0*b = -16*b + 192. Suppose -22206 = -b*o + 79326. Is o composite?
False
Let y(m) = 146*m - 115. Is y(4) a prime number?
False
Let k(q) be the third derivative of -40*q**4/3 - q**3/3 + 5*q**2 - 5. Let r be k(-1). Is (r + 13)*(3 - 2) a composite number?
False
Let k be 2 + 1 - 2/2. Suppose 5*w = -5*r + 11735, -3*r + 4*r + 7025 = 3*w. Suppose 5*n + k*m - w = 0, -2*m = -4*n + 1191 + 669. Is n prime?
True
Is (-3 - 8*(-1)/3)/(88/(-134589048)) a composite number?
True
Let l(y) = 13*y**2 + 17*y - 31*y**2 - 3*y**3 + 12*y**2 - 4*y + 20. Let c be l(-13). Let t = -2649 + c. Is t composite?
True
Is (1 - (-12)/(-14)) + (1389027024/(-294))/(-51) a prime number?
True
Let y(h) = 4*h**2 - 53*h - 19. Is y(90) composite?
False
Let u = 70 + -72. Let c(n) = -55*n - 16. Is c(u) composite?
True
Suppose 102 = -44*u + 41*u. Is (4 + u/8)*-1324 composite?
False
Suppose -4*q + c + 4982 = 0, 5*c - 6240 = 4*q - 9*q. Suppose -705 - 132 = -3*z. Suppose -z + q = d. Is d a prime number?
True
Let h = -1096657 + 2014010. Is h a composite number?
False
Let w = 61398 - 33571. Is (-2)/(-17) - w/(-17) a composite number?
False
Let x(k) be the first derivative of 97*k**3/3 + 8*k**2 + 57*k - 53. Is x(-6) a prime number?
False
Suppose 0 = -20*l + 19*l + 2*b + 338975, 5*l - 1694865 = 5*b. Is l a prime number?
False
Let u(s) be the first derivative of 116*s**3/3 + 8*s**2 - 5*s + 34. Is u(7) composite?
False
Suppose u - 6438 = -5*p - 1340, 2050 = 2*p - 5*u. Suppose 2*h = -4*w + 1486, 3*h - p = 5*w + 1220. Is h composite?
True
Suppose 15536 = 3*x - 5284. Suppose 21*t - 98647 = -x. Is t a prime number?
False
Let m = -80 - -85. Suppose m*s = s + 6804. Let l = s - 1010. Is l a composite number?
False
Suppose -5*s = -4*s + 29. Let i = s - -34. Suppose 2*k - 1326 = -i*o, 2*k - 1366 = 3*o + 2*o. Is k prime?
True
Suppose 9*f + 1676009 = 12*f - 5*i, -4*f + 5*i + 2234692 = 0. Is f a prime number?
True
Suppose 12*u - 11*u - 132 = 0. Suppose 2*r - u = -4*r. Is r prime?
False
Suppose 10 = 3*b + 3*p - 8*p, 5*p + 10 = 5*b. Suppose -4*i + 730 - 28266 = b. Let a = 10669 + i. Is a prime?
False
Suppose 0 = y - 9 + 3. Suppose -4*d + 2*c = -4784, -d + c + 1185 = y*c. Is d a composite number?
True
Suppose 3379022 = 36*f - 3031383 + 1036721. Is f a composite number?
False
Suppose 15*k = 10*k + x + 1551052, -5*x + 1551070 = 5*k. Is k a composite number?
True
Suppose 0 = -75*z + 85*z. Suppose -t - 31*k + 35*k = -231, -5*t - k + 1260 = z. Is t composite?
False
Let c = -1378295 - -2014204. Is c a composite number?
False
Let d(j) = 96*j**2 + 5*j + 16. Let k(s) = 2*s**2 + 5*s - 12. Let h be k(-5). Let o = -16 + h. Is d(o) a prime number?
False
Suppose 250*r = -44*r + 575619954. Is r a composite number?
True
Let m = -47753 + 74550. Is m prime?
False
Let r = 29 + -27. Suppose 5*c - 4*c + 5*l = 654, 0 = -2*l + r. Is c composite?
True
Suppose -10*x + 7*x - 2*k = -101, 0 = 2*x + k - 67. Is ((-29018)/x)/((-4)/6) composite?
False
Let x(g) be the first derivative of 439*g**6/180 - g**5/40 + g**4/12 - 13*g**3/3 + 16. Let b(l) be the third derivative of x(l). Is b(1) a composite number?
False
Suppose -v + 11083 = -3*b, -78*v + 76*v = 2*b - 22166. Is v composite?
False
Let x(p) be the third derivative of -p**6/60 + 3*p**5/20 + 25*p**4/24 + 5*p**3/6 - 4*p**2 - 11*p. Is x(-17) a composite number?
False
Suppose -3*o - 3*w - 7 = o, w + 5 = 0. Let k be 0/((o*-3)/3). Suppose k = a + 49 - 818. Is a a prime number?
True
Suppose -s + 0*s + 18 = 0. Let x(m) be the third derivative of m**5/30 + m**4 + 19*m**3/6 - 24*m**2 + m. Is x(s) composite?
True
Suppose -46*p - 6231913 = -19146459. Is p a composite number?
False
Let g(h) = 5*h**3 + 2*h**2 + h - 12. Let c be g(-4). Let n = -215 - c. Is n a prime number?
True
Suppose -10*x + 191505 = 7*x. Suppose -i - x = -16*i. Is i a prime number?
True
Let u = 8238 - 4360. Suppose 14*x - 1764 = u. Is x a composite number?
True
Let x = 18 - 10. Let t(u) = 742*u**2 + 11*u + 33. Is t(x) composite?
False
Let z be (-395)/55 - -7 - (-1984)/22. Is z/4 - (-3)/(-5 - 1) prime?
False
Let m(x) be the third derivative of x**6/120 - 11*x**5/60 + x**4/4 + 7*x**3/2 + 18*x**2 + x. Is m(34) a composite number?
False
Suppose 8*v - 5*v - 29954 = -2*h, h - 14977 = -4*v. Is h prime?
False
Let v = 309834 - 220217. Is v composite?
True
Suppose -3*l + 19 = 10. Suppose -6*d - 2134 = -2*g - 5*d, l*g = -d + 3201. Is g composite?
True
Let u be (-5696)/(-13) - (-78)/(-507). Let a = u - -541. Is a composite?
True
Let m(g) be the first derivative of -89*g**3 + 2*g**2 + 9*g + 15. Let x(j) = 533*j**2 - 8*j - 19. Let o(c) = -9*m(c) - 4*x(c). Is o(-2) a composite number?
False
Let k = -19 - -23. Suppose k*u + 24882 = 3*c, -4*c + c - 2*u = -24900. Suppose 12*j - 6*j = c. Is j composite?
True
Let q = 107229 + -73774. Is q a composite number?
True
Suppose -3*x + 2 = 5, x - 7 = -p. Is (8 - p - 2)/(4/(-13522)) a prime number?
True
Let r = -886 + 8524. Suppose 9*n = 15*n - r. Suppose -676 - n = -d. Is d a composite number?
False
Let w(d) = -14*d - 33. Let t(s) = s**2 + 14*s + 32. Let f(c) = 4*t(c) + 5*w(c). Is f(-13) prime?
True
Let s(q) = 6*q**2 + 113*q - 641. Is s(42) a composite number?
True
Suppose 2*r + 920 = 5*z, 5*z - 538 = 2*z + 4*r. Suppose -48 = 2*v - z. Suppose 7*o - 1007 = -v. Is o a composite number?
True
Suppose -69*f = -332844 - 13858317. Is f a prime number?
False
Let k(d) = 482*d + 161221. Is k(0) prime?
True
Let w(z) be the second derivative of z**4/4 + 15*z**3/2 + 29*z**2/2 - 9*z. Let a = 0 - -20. Is w(a) prime?
True
Let k(l) = 2*l + 28. Let g be k(-12). Suppose q = -3*q - g. Is ((-8085)/12 + -3)/(q/4) composite?
False
Is (-15211852)/(-118) - (10 + 1) composite?
False
Let b(r) = -r**3 - 9*r**2 + 7*r - 3. Let n be b(-10). Is 91998/n*9/6 composite?
True
Let v(x) = 282*x - 2977. Is v(18) a prime number?
True
Suppose 0 = 36*x - 152*x + 18877724. Is x prime?
True
Let j(r) = -7*r**2 - 99*r - 10. Let f be j(-14). Suppose 0 = 3*p + 5*d - 11933, -p - 11938 = -f*p - 4*d. Is p prime?
False
Let v(g) = 3*g**2 - g - 5. Let s be v(-4). Suppose s = -3*r + 50. Is (-185)/10*-18 + r prime?
False
Is 20/16*(-24)/(-210) - (-3072746)/14 composite?
True
Suppose 5*t + 5*y = 1852195, 0 = -6*t - 16*t - 2*y + 8149658. Is t composite?
False
Let o be 1/(1/192) + 4. Suppose 0 = -2*x + 912 + o. Suppose -x = -2*n + 180. Is n a composite number?
False
Suppose 14*r + 10*i = 19*r - 52255, -31364 = -3*r - 5*i. Is r prime?
True
Let c(x) = 32*x**2 - 7*x - 15. Let w be c(-2). Let q = w + 1354. Is q composite?
False
Let q = -754 - -758. Suppose -253 = 3*d + 362. Is q - ((-4)/1 + d) a composite number?
True
Suppose 629568 = 4*i + 2*k, 2*i = 2*k - 155663 + 470453. Is i composite?
False
Let y be 3/9 + ((-82965)/9)/(-5). Let t = y + -45. Is t prime?
False
Let q(a) = 5142*a - 37. Suppose 0 = -5*j + 4*r + 6, -j - 2*r = -2*j. Is q(j) a prime number?
True
Suppose 2*v - 5*f = 812618, -487596 - 325022 = -2*v + 2*f. Is v a composite number?
False
Let w(z) = -4*z**3 + 24*z**2 - 18*z + 12. Let f be w(7). Let j = f - -939. Is j composite?
True
Suppose 12*w = 8*w + 3*b + 20363, -9 = -3*b. Let q = w + -1842. Is q a composite number?
False
Let w = 223 + -223. Is -1778*(w - 1)/2 prime?
False
Suppose 6*j = -39 + 27. Is 2/((8/4203)/4) + j a composite number?
False
Suppose -17977 = -a - 2*b, -3*b - 16575 = -a + 1417. S